{"id":283,"date":"2025-01-14T10:17:05","date_gmt":"2025-01-14T15:17:05","guid":{"rendered":"https:\/\/festivalkaraoke.ca\/?page_id=283"},"modified":"2025-11-22T11:41:43","modified_gmt":"2025-11-22T16:41:43","slug":"a-propos-de-moi-2","status":"publish","type":"page","link":"https:\/\/festivalkaraoke.ca\/index.php\/a-propos-de-moi-2\/","title":{"rendered":""},"content":{"rendered":"\n<h4 class=\"wp-block-heading\"><mark style=\"background-color:rgba(0, 0, 0, 0)\" class=\"has-inline-color has-black-color\">Services musicaux <\/mark><\/h4>\n\n\n\n<p><mark style=\"background-color:rgba(0, 0, 0, 0)\" class=\"has-inline-color has-black-color\"><strong>32 ans de loyaux services sous le nom de Karaoke Christian Lefebvre<\/strong>.<\/mark><\/p>\n\n\n\n<p><mark style=\"background-color:rgba(0, 0, 0, 0)\" class=\"has-inline-color has-black-color\">Maintenant,<\/mark> <strong><mark style=\"background-color:rgba(0, 0, 0, 0)\" class=\"has-inline-color has-vivid-red-color\">Festival Karaoke<\/mark><\/strong><mark style=\"background-color:rgba(0, 0, 0, 0)\" class=\"has-inline-color has-black-color\">&nbsp;depuis Janvier\/2025 et vous offre un&nbsp;service de <strong>Karaoke sans pareil<\/strong>&nbsp; <\/mark><\/p>\n\n\n\n<p><mark style=\"background-color:rgba(0, 0, 0, 0)\" class=\"has-inline-color has-black-color\">\u00ab&nbsp;<strong>Strictement<\/strong>&nbsp;<strong>Country<\/strong><mark style=\"background-color:rgba(0, 0, 0, 0)\" class=\"has-inline-color has-black-color\"> <\/mark><mark style=\"background-color:rgba(0, 0, 0, 0)\" class=\"has-inline-color has-black-color\">\u00bb<\/mark>&nbsp;pour les Festivals, les Bars et les \u00c9v\u00e9nements Country avec une liste de pr\u00e8s de&nbsp;<strong>16,000 chansons Country<\/strong>, en Fran\u00e7ais et en Anglais.<\/mark><\/p>\n\n\n\n<p><mark style=\"background-color:rgba(0, 0, 0, 0)\" class=\"has-inline-color has-black-color\">\u00ab&nbsp;<strong>Strictement Country&nbsp;<\/strong>\u00bb, mis \u00e0 part quelques succ\u00e8s en dehors du Country qui sont tr\u00e8s connus et appr\u00e9ci\u00e9s du grand public Qu\u00e9b\u00e9cois en g\u00e9n\u00e9ral, ainsi un peu de musique R\u00e9tro, Qu\u00e9b\u00e9coise, Rock, Blues, Bluegrass, R\/B et quelques tounes Jazz\u00e9.<\/mark><\/p>\n\n\n\n<p><mark style=\"background-color:rgba(0, 0, 0, 0)\" class=\"has-inline-color has-black-color\"><strong>Une perc\u00e9e majeure pour Festival Karaoke en 2025 avec <\/strong><\/mark><strong><mark style=\"background-color:rgba(0, 0, 0, 0)\" class=\"has-inline-color has-vivid-red-color\">trois nouveaut\u00e9s<\/mark><\/strong><mark style=\"background-color:rgba(0, 0, 0, 0)\" class=\"has-inline-color has-black-color\">&nbsp;!<\/mark> <\/p>\n\n\n\n<p><strong>1-<\/strong><mark style=\"background-color:rgba(0, 0, 0, 0)\" class=\"has-inline-color has-black-color\"> <strong><strong>|<\/strong><\/strong><\/mark><mark style=\"background-color:rgba(0, 0, 0, 0)\" class=\"has-inline-color has-vivid-red-color\"><strong>Que du Country<\/strong>&nbsp;(\u00e0&nbsp;85%)<\/mark><mark style=\"background-color:rgba(0, 0, 0, 0)\" class=\"has-inline-color has-black-color\"><mark style=\"background-color:rgba(0, 0, 0, 0)\" class=\"has-inline-color has-black-color\"><strong>|<\/strong><\/mark><\/mark><\/p>\n\n\n\n<p><mark style=\"background-color:rgba(0, 0, 0, 0)\" class=\"has-inline-color has-black-color\"><strong>2-<\/strong> <strong><strong>|<\/strong><\/strong><\/mark><mark style=\"background-color:rgba(0, 0, 0, 0)\" class=\"has-inline-color has-vivid-red-color\"><strong>Liste de chanson en ligne<\/strong><\/mark><mark style=\"background-color:rgba(0, 0, 0, 0)\" class=\"has-inline-color has-black-color\"><strong><strong><strong><strong>|<\/strong><\/strong><\/strong><\/strong><\/mark><\/p>\n\n\n\n<p><strong>3-<\/strong><mark style=\"background-color:rgba(0, 0, 0, 0)\" class=\"has-inline-color has-black-color\"> <strong><strong>|<\/strong><\/strong><\/mark><mark style=\"background-color:rgba(0, 0, 0, 0)\" class=\"has-inline-color has-vivid-red-color\"><strong>Karaoke portable<\/strong><\/mark><mark style=\"background-color:rgba(0, 0, 0, 0)\" class=\"has-inline-color has-black-color\"><strong><strong><strong><strong>|<\/strong><\/strong><\/strong><\/strong><\/mark><\/p>\n\n\n\n<p><mark style=\"background-color:rgba(0, 0, 0, 0)\" class=\"has-inline-color has-black-color\">Et de plus, j\u2019anime la foule \u00e0 volont\u00e9, en plus de chanter dans les temps morts et de temps \u00e0 autre pendant l\u2019\u00e9v\u00e9nement ou la soir\u00e9e et ce, tout en ayant une tr\u00e8s bonne connaissance des danses&nbsp;Country en ligne.<\/mark><\/p>\n\n\n\n<p><mark style=\"background-color:rgba(0, 0, 0, 0)\" class=\"has-inline-color has-black-color\"><strong>Voil\u00e0 ce que vous offre &amp; r\u00e9serve FestivalKaraoke.ca pour 2025 et les ann\u00e9es \u00e0 venir<\/strong> !<\/mark><\/p>\n\n\n\n<p class=\"has-text-align-center\"><strong><mark style=\"background-color:rgba(0, 0, 0, 0)\" class=\"has-inline-color has-vivid-red-color\">Karaoke, musique de danse<b> <\/b><span><b>Country \u00ab&nbsp;live&nbsp;\u00bb<\/b><\/span> et l&rsquo;Animation compl\u00e8te<\/mark><\/strong><\/p>\n\n\n\n<p>_________________________________________<\/p>\n\n\n\n<p><strong><mark style=\"background-color:rgba(0, 0, 0, 0)\" class=\"has-inline-color has-vivid-red-color\">*<\/mark><\/strong> <mark style=\"background-color:rgba(0, 0, 0, 0)\" class=\"has-inline-color has-black-color\">Location de mes services en Bloc d&rsquo;heures, \u00e0 l&rsquo;\u00e9v\u00e8nement ou \u00e0 la journ\u00e9e !<\/mark><\/p>\n\n\n\n<p><mark style=\"background-color:rgba(0, 0, 0, 0)\" class=\"has-inline-color has-vivid-red-color\"><strong>*<\/strong><\/mark> <mark style=\"background-color:rgba(0, 0, 0, 0)\" class=\"has-inline-color has-black-color\">Service pour tous genres d\u2019\u00e9tablissements licenci\u00e9s ou non, l\u00e0 o\u00f9 le Country est \u00e0 l\u2019ordre du jour !<\/mark><\/p>\n\n\n\n<p><strong><mark style=\"background-color:rgba(0, 0, 0, 0)\" class=\"has-inline-color has-vivid-red-color\">*<\/mark><\/strong> <mark style=\"background-color:rgba(0, 0, 0, 0)\" class=\"has-inline-color has-black-color\">Je suis de Montr\u00e9al, mais je me d\u00e9place partout au Qu\u00e9bec, Nouveau-Brunswick et en Ontario !<\/mark><\/p>\n\n\n\n<p><\/p>\n\n\n\n<p class=\"has-text-align-center\"><strong><mark style=\"background-color:rgba(0, 0, 0, 0)\" class=\"has-inline-color has-vivid-red-color\">*<\/mark><\/strong><mark style=\"background-color:rgba(0, 0, 0, 0)\" class=\"has-inline-color has-black-color\"> <\/mark><strong><mark style=\"background-color:rgba(0, 0, 0, 0)\" class=\"has-inline-color has-vivid-red-color\">\u00c0 noter que<\/mark><\/strong><mark style=\"background-color:rgba(0, 0, 0, 0)\" class=\"has-inline-color has-black-color\">\u2026 Je ne prends aucun engagement s\u2019il n\u2019est pas reli\u00e9 \u00e0 la musique Country\/ Merci !<\/mark><\/p>\n\n\n\n<p><\/p>\n\n\n\n<p><\/p>\n","protected":false},"excerpt":{"rendered":"<p>Services musicaux 32 ans de loyaux services sous le nom de Karaoke Christian Lefebvre. Maintenant, Festival Karaoke&nbsp;depuis Janvier\/2025 et vous offre un&nbsp;service de Karaoke sans pareil&nbsp; \u00ab&nbsp;Strictement&nbsp;Country \u00bb&nbsp;pour les Festivals, les Bars et les \u00c9v\u00e9nements Country avec une liste de pr\u00e8s de&nbsp;16,000 chansons Country, en Fran\u00e7ais et en Anglais. \u00ab&nbsp;Strictement&#8230; <a class=\"continue-reading-link\" href=\"https:\/\/festivalkaraoke.ca\/index.php\/a-propos-de-moi-2\/\"> Continue reading <span class=\"meta-nav\">&rarr; <\/span><\/a><\/p>\n","protected":false},"author":1,"featured_media":0,"parent":0,"menu_order":0,"comment_status":"closed","ping_status":"closed","template":"","meta":{"footnotes":""},"class_list":["post-283","page","type-page","status-publish","hentry"],"_links":{"self":[{"href":"https:\/\/festivalkaraoke.ca\/index.php\/wp-json\/wp\/v2\/pages\/283","targetHints":{"allow":["GET"]}}],"collection":[{"href":"https:\/\/festivalkaraoke.ca\/index.php\/wp-json\/wp\/v2\/pages"}],"about":[{"href":"https:\/\/festivalkaraoke.ca\/index.php\/wp-json\/wp\/v2\/types\/page"}],"author":[{"embeddable":true,"href":"https:\/\/festivalkaraoke.ca\/index.php\/wp-json\/wp\/v2\/users\/1"}],"replies":[{"embeddable":true,"href":"https:\/\/festivalkaraoke.ca\/index.php\/wp-json\/wp\/v2\/comments?post=283"}],"version-history":[{"count":56,"href":"https:\/\/festivalkaraoke.ca\/index.php\/wp-json\/wp\/v2\/pages\/283\/revisions"}],"predecessor-version":[{"id":2053,"href":"https:\/\/festivalkaraoke.ca\/index.php\/wp-json\/wp\/v2\/pages\/283\/revisions\/2053"}],"wp:attachment":[{"href":"https:\/\/festivalkaraoke.ca\/index.php\/wp-json\/wp\/v2\/media?parent=283"}],"curies":[{"name":"wp","href":"https:\/\/api.w.org\/{rel}","templated":true}]}}