{"id":1964,"date":"2025-11-21T17:25:48","date_gmt":"2025-11-21T22:25:48","guid":{"rendered":"https:\/\/festivalkaraoke.ca\/?page_id=1964"},"modified":"2025-11-26T16:44:54","modified_gmt":"2025-11-26T21:44:54","slug":"remix","status":"publish","type":"page","link":"https:\/\/festivalkaraoke.ca\/index.php\/remix\/","title":{"rendered":"Remix"},"content":{"rendered":"\n<p><strong>! (Remix) A little less conversation &#8211; JXL (6)<br>! (Remix) \u00c0 qui l&rsquo;p&rsquo;tit coeur apr\u00e8s 9 hrs &#8211; Roger Miron (12)<br>! (Remix) A whiter shade of pale &#8211; Annie Lennox (16)<br>! (Remix) Aiko, aiko &#8211; Claude Martel (B-V) (2)<br>! (Remix) Aline &#8211; Christophe (2)<br>! (Remix) Always on my mind &#8211; The Pet Shop Boys (9)<br>! (Remix) Avant de la regarder s&rsquo;en aller &#8211; Alain C\u00f4t\u00e9 (2)<br>! (Remix) Blue moon of kentucky &#8211; Elvis Presley (1)*<br>! (Remix) Blue spanish eyes &#8211; Engelbert Humperdinck (2)<br>! (Remix) C&rsquo;est la saison &#8211; Patrick Norman (2)<br>! (Remix) Can&rsquo;t help falling in love &#8211; Elvis Presley (2)<br>! (Remix) Can&rsquo;t help falling in love &#8211; Elvis Presley (B-V) (2)<br>! (Remix) Can&rsquo;t help falling in love &#8211; Mark Ronson (film) (20)*<br>! (Remix) Can&rsquo;t help falling in love &#8211; Ub40 (6)<br>! (Remix) Ce soir je pleure &#8211; Tony Massarelli (2)<br>! (Remix) Chariot &#8211; Chantal Pary &amp; Carl William (000)<br>! (Remix) Colt 45 &#8211; Cooper Alan &amp; RVSHVD (1)<br>! (Remix) Comment \u00e7a va &#8211; Patrick S\u00e9bastien (B-V) (2)<br>! (Remix) Comment \u00e7a va &#8211; Sweet People (adilada) (2)<br>! (Remix) Country Roads &#8211; John Denver (12)<br>! (Remix) Do wah diddy &#8211; DJ Otzi (5)<br>! (Remix) Elle s&rsquo;en va &#8211; Patrick Norman (16)<br>! (Remix) Everything i do &#8211; DJW1 (reggae) (16)<br>! (Remix) Femme liber\u00e9e &#8211; Soma Riba (B-V) (2)<br>! (Remix) Funny how time slips away &#8211; Al Green &amp; Lyle Lovett (20)*<br>! (Remix) Girl Crush &#8211; So Reggaes Limpos (4)<br>! (Remix) Have you ever seen the rain &#8211; CCR (B-V) (16)<br>! (Remix) How do i live &#8211; LeAnn Rimes (12)<br>! (Remix) If tomorrow never comes &#8211; Ronan Keating (B-V) (16)<br>! (Remix) Il a chang\u00e9 ma vie &#8211; Doris Leclerc (2-)*<br>! (Remix) Island in the sun &#8211; Harry Belafonte (B-V) (2)<br>! (Remix) Jamais assez loin &#8211; Isabelle Boulay (3)*<br>! (Remix) Je voudrais te retrouver &#8211; Jean Nichol (B-V) (2)<br>! (Remix) L&rsquo;Artiste &#8211; Claude Dubois (16)<br>! (Remix) L&rsquo;incendie a Rio &#8211; Sacha Distel (B-V) (2)<br>! (Remix) La boite \u00e0 chansons &#8211; Georges Dor (2)<br>! (Remix) La p&rsquo;tite grenouille &#8211; Andr\u00e9 Guitar (20)*<br>! (Remix) La pri\u00e8re du mendiant &#8211; Andr\u00e9 Barriault (2)<br>! (Remix) Landslide &#8211; Sheryl Crow (B-V) (4)<br>! (Remix) Larmes gitanes &#8211; Bob Robie (2)<br>! (Remix) Le jonc d&rsquo;amiti\u00e9 &#8211; Anne Ren\u00e9e (B-V) (2)<br>! (Remix) Le sentier de neige &#8211; Les Classels (B-V)<br>! (Remix) Life goes on &#8211; LeAnn Rimes (4)<br>! (Remix) Ma hache pis mon bucksaw &#8211; Albert Babin (2)<br>! (Remix) Maria dolores &#8211; Alain Morisod &amp; Sweet People (2)<br>! (Remix) M\u00eame si tu revenais &#8211; Claude Fran\u00e7ois (16)<br>! (Remix) Mon p&rsquo;tit gars &#8211; Fran\u00e7ois Bernard (2)*<br>! (Remix) Need you now &#8211; Lady Antebellum (B-V) (16)<br>! (Remix) Neon moon &#8211; Lagu Reggae (4)<br>! (Remix) Nikita &#8211; Elton John &#8211; Damaiti lepa music<br>! (Remix) On va s&rsquo;aimer &#8211; Gilbert Montagn\u00e9 (1)<br>! (Remix) Paroles Paroles &#8211; Dalida (B-V) (Duo) (2)<br>! (Remix) Patof Blou &#8211; Patof (vers politique) (12)<br>! (Remix) Quand on est en amour &#8211; Patrick Norman (2)<br>! (Remix) Quand on est en amour &#8211; Richard Cusson (12)<br>! (Remix) Sans toi mamie &#8211; Adamo (2)<br>! (Remix) She had me at heads carolina &#8211; Cole Swindell &amp; Jo Dee Messina (16)<br>! (Remix) Stand by me &#8211; Ben E. King (16)<br>! (Remix) Stand by me &#8211; Bouke (2)<br>! (Remix) Sundown &amp; l&rsquo;amour c&rsquo;est comme l&rsquo;\u00e9t\u00e9 &#8211; Roch Voisine (blilingue) (2)<br>! (Remix) Sweet caroline &#8211; Mick Harren (B-V) (16)<br>! (Remix) T&rsquo;envoler &#8211; Mario Cusson (B-V) (2)<br>! (Remix) T&rsquo;envoler &#8211; Richard Cusson (20)<br>! (Remix) Tout doucement &#8211; Sara&rsquo;h (2)<br>! (Remix) Whiskey lullaby &#8211; Brad Paisley &#8211; Polynesian reggae<br>! (Remix) Your man &#8211; Josh Turner &#8211; Reggae terbaru<\/strong><\/p>\n","protected":false},"excerpt":{"rendered":"<p>! (Remix) A little less conversation &#8211; JXL (6)! (Remix) \u00c0 qui l&rsquo;p&rsquo;tit coeur apr\u00e8s 9 hrs &#8211; Roger Miron (12)! (Remix) A whiter shade of pale &#8211; Annie Lennox (16)! (Remix) Aiko, aiko &#8211; Claude Martel (B-V) (2)! (Remix) Aline &#8211; Christophe (2)! (Remix) Always on my mind &#8211;&#8230; <a class=\"continue-reading-link\" href=\"https:\/\/festivalkaraoke.ca\/index.php\/remix\/\"> Continue reading <span class=\"meta-nav\">&rarr; <\/span><\/a><\/p>\n","protected":false},"author":1,"featured_media":0,"parent":0,"menu_order":0,"comment_status":"closed","ping_status":"closed","template":"","meta":{"footnotes":""},"class_list":["post-1964","page","type-page","status-publish","hentry"],"_links":{"self":[{"href":"https:\/\/festivalkaraoke.ca\/index.php\/wp-json\/wp\/v2\/pages\/1964","targetHints":{"allow":["GET"]}}],"collection":[{"href":"https:\/\/festivalkaraoke.ca\/index.php\/wp-json\/wp\/v2\/pages"}],"about":[{"href":"https:\/\/festivalkaraoke.ca\/index.php\/wp-json\/wp\/v2\/types\/page"}],"author":[{"embeddable":true,"href":"https:\/\/festivalkaraoke.ca\/index.php\/wp-json\/wp\/v2\/users\/1"}],"replies":[{"embeddable":true,"href":"https:\/\/festivalkaraoke.ca\/index.php\/wp-json\/wp\/v2\/comments?post=1964"}],"version-history":[{"count":4,"href":"https:\/\/festivalkaraoke.ca\/index.php\/wp-json\/wp\/v2\/pages\/1964\/revisions"}],"predecessor-version":[{"id":2437,"href":"https:\/\/festivalkaraoke.ca\/index.php\/wp-json\/wp\/v2\/pages\/1964\/revisions\/2437"}],"wp:attachment":[{"href":"https:\/\/festivalkaraoke.ca\/index.php\/wp-json\/wp\/v2\/media?parent=1964"}],"curies":[{"name":"wp","href":"https:\/\/api.w.org\/{rel}","templated":true}]}}