{"id":1039,"date":"2025-01-21T00:28:43","date_gmt":"2025-01-21T05:28:43","guid":{"rendered":"https:\/\/festivalkaraoke.ca\/?page_id=1039"},"modified":"2025-11-26T16:37:40","modified_gmt":"2025-11-26T21:37:40","slug":"francais-french-q-r","status":"publish","type":"page","link":"https:\/\/festivalkaraoke.ca\/index.php\/francais-french-q-r\/","title":{"rendered":"Fran\u00e7ais (Q &#8211; R) French"},"content":{"rendered":"\n<p><strong>Quimorucru &#8211; J&rsquo;ai \u00e9t\u00e9 au bal (2)*<br>Quimorucru &#8211; Jusqu&rsquo;\u00e0 demain (2)<br>Quimorucru &#8211; Party gasp\u00e9sien (4)*<br>Raffy &#8211; Folle de toi (B-V) (2)<br>Raffy &#8211; Il n&rsquo;y a que toi (2)<br>Raffy &#8211; On \u00e9crit sur les murs (2)<br>Raoul Duguay &#8211; Le chanteur de pomme (16)<br>Ray Fontaine &#8211; Je pensais toujours a toi (always on my mind) (16)<br>Ray Fontaine &#8211; Ma vie n&rsquo;a plus d&rsquo;espoir (2-)<br>Raymond Houde &#8211; Femme sans coeur (16)<br>Raymond Rouleau &#8211; Unis pour la vie (2-)<br>Raymonde Par\u00e9 &amp; Johanne Bond &#8211; Soleil O (20)<br>R\u00e9al &amp; Manon &#8211; Aupr\u00e8s du feu (20)*<br>R\u00e9al &amp; Manon &#8211; Bel oiseau blanc (000)<br>R\u00e9al &amp; Manon &#8211; Je veux t&rsquo;aimer une autre fois (20)*<br>R\u00e9al &amp; Manon &#8211; La confiance (2-)<br>R\u00e9al &amp; Manon &#8211; Pour toujours (2)*<br>R\u00e9al &amp; Manon &#8211; Promets-moi (2)<br>R\u00e9al et Manon &#8211; Les p&rsquo;tits bateaux (16)<br>R\u00e9al Jean &#8211; Pour toi willie (2-)<br>Regine &#8211; Je survivrai (i will survive) (20)<br>R\u00e9gis Gagn\u00e9 &#8211; Ce cowboy doit s&rsquo;en aller (20)<br>R\u00e9gis Gagn\u00e9 &#8211; J&rsquo;ai perdu le grand amour (000)<br>R\u00e9gis Gagn\u00e9 &#8211; Jos whisky (12)<br>R\u00e9gis Gagn\u00e9 &#8211; La th\u00e9i\u00e8re (2)<br>R\u00e9gis Gagn\u00e9 &#8211; La vieille dame (12)<br>R\u00e9gis Gagn\u00e9 &#8211; Les anges du mexique (16)<br>R\u00e9gis Gagn\u00e9 &#8211; Oh belle maman (2)<br>R\u00e9gis Gagn\u00e9 &#8211; Porte mon amour a rose (2)<br>R\u00e9gis Gagn\u00e9 &#8211; Sign\u00e9 r\u00e9gis (2)<br>R\u00e9gis Gagn\u00e9 &#8211; Une petite femme au coeur d&rsquo;or (2)<br>R\u00e9jean &amp; Chantal Mass\u00e9 &#8211; Briser une autre vie (2)*<br>R\u00e9jean &amp; Chantal Mass\u00e9 &#8211; Dis-lui (11)*<br>R\u00e9jean &amp; Chantal Mass\u00e9 &#8211; Emelda (000)<br>R\u00e9jean &amp; Chantal Mass\u00e9 &#8211; Emporte-moi sur ton aile (2)*<br>R\u00e9jean &amp; Chantal Mass\u00e9 &#8211; Hommage \u00e0 johnny cash (2-)*<br>R\u00e9jean &amp; Chantal Mass\u00e9 &#8211; Idole paul brunelle<br>R\u00e9jean &amp; Chantal Mass\u00e9 &#8211; J&rsquo;pensais pas t&rsquo;aimer autant<br>R\u00e9jean &amp; Chantal Mass\u00e9 &#8211; Jardin de r\u00eave (2)*<br>R\u00e9jean &amp; Chantal Mass\u00e9 &#8211; Je dis des mots d&rsquo;amour (3)*<br>R\u00e9jean &amp; Chantal Mass\u00e9 &#8211; Je m&rsquo;ennuie de toi (2)*<br>R\u00e9jean &amp; Chantal Mass\u00e9 &#8211; Je suis bucheron (2)*<br>R\u00e9jean &amp; Chantal Mass\u00e9 &#8211; Je veux ton bonheur (2)*<br>R\u00e9jean &amp; Chantal Mass\u00e9 &#8211; L&rsquo;h\u00e9ritage du pass\u00e9<br>R\u00e9jean &amp; Chantal Mass\u00e9 &#8211; L&rsquo;h\u00f4tel &amp; la boisson (000)<br>R\u00e9jean &amp; Chantal Mass\u00e9 &#8211; Laisse le monde s&rsquo;en aller (2)*<br>R\u00e9jean &amp; Chantal Mass\u00e9 &#8211; Ma princesse blonde (11)*<br>R\u00e9jean &amp; Chantal Mass\u00e9 &#8211; Mes yeux n&rsquo;ont rien vu (2-)*<br>R\u00e9jean &amp; Chantal Mass\u00e9 &#8211; Ne parle pas contre ton coeur (2)*<br>R\u00e9jean &amp; Chantal Mass\u00e9 &#8211; Oublie le pass\u00e9 (000)<br>R\u00e9jean &amp; Chantal Mass\u00e9 &#8211; Oublions (2-)*<br>R\u00e9jean &amp; Chantal Mass\u00e9 &#8211; Paper rosie (2)*<br>R\u00e9jean &amp; Chantal Mass\u00e9 &#8211; Parfois l&rsquo;amour (2)*<br>R\u00e9jean &amp; Chantal Mass\u00e9 &#8211; Pas le droit (2)*<br>R\u00e9jean &amp; Chantal Mass\u00e9 &#8211; Si tu pars je voguerai \u00e0 la d\u00e9rive (2)<br>R\u00e9jean &amp; Chantal Mass\u00e9 &#8211; Sur ma table un verre vide (000)<br>R\u00e9jean &amp; Chantal Mass\u00e9 &#8211; Un verre sur la table (000)<br>R\u00e9jean &amp; Chantal Mass\u00e9 &#8211; Une rose pour maman (000)<br>R\u00e9jean &amp; Chantal Mass\u00e9 &#8211; Valse de l&rsquo;\u00eele aux coudres<br>R\u00e9jean Jett\u00e9 &#8211; La bi\u00e8re m&rsquo;a laiss\u00e9 tomber (2)<br>R\u00e9jean Jett\u00e9 &#8211; La pine \u00e0 planche (12)<br>R\u00e9jean Savoie &#8211; Ce soir je t&rsquo;attends (000)<br>R\u00e9jean Savoie &#8211; Dans mes r\u00eaves (12)<br>R\u00e9jean Savoie &#8211; Un jour tu me comprendras<br>R\u00e9jeanne Godin &#8211; \u00c9coute mon fr\u00e8re (2-)<br>Remi Chass\u00e9 &#8211; Une arm\u00e9e dans ma voix (2)<br>Ren\u00e9 &amp; Philippe Grondin &#8211; Laisser-moi encore r\u00eaver (2-)<br>Ren\u00e9 Grondin &#8211; La fin d&rsquo;semaine de p\u00eache (2)<br>Ren\u00e9 Paradis &#8211; Merci (2)<br>Ren\u00e9 Paradis &#8211; Reviens pas (2)<br>Ren\u00e9 Simard &#8211; Comment ca va (11)*<br>Ren\u00e9 Simard &#8211; Je r\u00eave (dream, dream) (2)*<br>Ren\u00e9 Simard &#8211; Ne coupez pas les roses (B-V) (12)<br>Ren\u00e9 Simard &#8211; Shake rattle &amp; roll (francais) (12)*<br>Ren\u00e9 Simard &#8211; Viens danser le rock (12)*<br>Ren\u00e9 Simard &amp; Nathalie &#8211; Sur la route de babylone (3)*<br>Ren\u00e9 Simard &amp; R\u00e9gis &#8211; Hey! Monsieur le magicien (16)<br>Ren\u00e9 Turgeon &#8211; Enfant de la d\u00e9bauche (16)<br>Ren\u00e9 Turgeon &#8211; Je serai l\u00e0, pour elles (2)<br>Ren\u00e9 Turgeon &#8211; Je serai toujours l\u00e0 (2)*<br>Ren\u00e9 Turgeon &#8211; L&rsquo;enfant du ciel (2)<br>Ren\u00e9 Turgeon &#8211; Une fleur pour vous (2)<br>Ren\u00e9 Turgeon &#8211; Une valse avec toi (2)<br>Ren\u00e9 Turgeon &#8211; Viens t&rsquo;assoir pr\u00e8s de moi si tu m&rsquo;aimes (2)<br>Ren\u00e9 Turgeon &amp; Paul Daraiche &#8211; La plus belle nuit (2-)<br>Ren\u00e9 Turgeon &amp; Yves Lambert &#8211; La chanson du mensonge (2)<br>Ren\u00e9e Claude &#8211; C&rsquo;est le d\u00e9but d&rsquo;un temps nouveau (20)<br>Ren\u00e9e Claude &#8211; C&rsquo;est notre f\u00eate aujourd&rsquo;hui (16)<br>Ren\u00e9e Claude &#8211; Cours pas trop fort, cours pas trop loin (2)*<br>Ren\u00e9e Claude &#8211; Le tour de la terre (16)<br>Ren\u00e9e Claude &#8211; Soixante-quinze ans (B-V) (2-)*<br>Ren\u00e9e Claude &#8211; Tu trouveras la paix (12)<br>Ren\u00e9e Claude &#8211; Viens faire un tour chez-moi (12)<br>Ren\u00e9e Martel &#8211; \u00c0 demain my darling (000)<br>Ren\u00e9e Martel &#8211; \u00c0 un coeur de cristal (000)<br>Ren\u00e9e Martel &#8211; Amour secret (2)<br>Ren\u00e9e Martel &#8211; Au bout du monde (2)*<br>Ren\u00e9e Martel &#8211; Break it to me gently (000)<br>Ren\u00e9e Martel &#8211; C&rsquo;est mon histoire (2)<br>Ren\u00e9e Martel &#8211; Cadeau (12)<br>Ren\u00e9e Martel &#8211; Ce n&rsquo;\u00e9tait qu&rsquo;un r\u00eave (000)<br>Ren\u00e9e Martel &#8211; Ces bottes sont faites pour marcher (2)<br>Ren\u00e9e Martel &#8211; Cowgirl dor\u00e9e (000)<br>Ren\u00e9e Martel &#8211; Cupide (B-V) (2)<br>Ren\u00e9e Martel &#8211; D.i.v.o.r.c.e. (12)<br>Ren\u00e9e Martel &#8211; Danse avec moi (2)<br>Ren\u00e9e Martel &#8211; Danse avec moi (16)<br>Ren\u00e9e Martel &#8211; Darling (2)<br>Ren\u00e9e Martel &#8211; Dum dum (000)<br>Ren\u00e9e Martel &#8211; Embrasse-moi (000)<br>Ren\u00e9e Martel &#8211; Everybody&rsquo;s somebody&rsquo;s fool (000)<br>Ren\u00e9e Martel &#8211; I&rsquo;m sorry (000)<br>Ren\u00e9e Martel &#8211; J&rsquo;ai besoin de ton amour (walk right back) (20)<br>Ren\u00e9e Martel &#8211; J&rsquo;ai un amour qui ne veut pas mourir (000)<br>Ren\u00e9e Martel &#8211; Jambalaya (12)<br>Ren\u00e9e Martel &#8211; Je reviens d&rsquo;un long voyage (000)<br>Ren\u00e9e Martel &#8211; Je t&rsquo;ai toujours aim\u00e9 (000)<br>Ren\u00e9e Martel &#8211; Je t&rsquo;aime un point c&rsquo;est tout (000)<br>Ren\u00e9e Martel &#8211; Je vais \u00e0 londres (20)<br>Ren\u00e9e Martel &#8211; Je vais \u00e0 londres (B-V) (2)<br>Ren\u00e9e Martel &#8211; Johnny angel (12)<br>Ren\u00e9e Martel &#8211; La belle gasp\u00e9sie (12)<br>Ren\u00e9e Martel &#8211; La fille de son p\u00e8re (2)<br>Ren\u00e9e Martel &#8211; La fille de son p\u00e8re (B-V) (2)<br>Ren\u00e9e Martel &#8211; La ronde des saisons (000)<br>Ren\u00e9e Martel &#8211; Laisse-moi te dire (000)<br>Ren\u00e9e Martel &#8211; Le bateau du bonheur (000)<br>Ren\u00e9e Martel &#8211; Le coeur cass\u00e9 (2)<br>Ren\u00e9e Martel &#8211; Liverpool (2)<br>Ren\u00e9e Martel &#8211; Mon coeur est comme un train (2)<br>Ren\u00e9e Martel &#8211; Mon enfant je te pardonne (2)<br>Ren\u00e9e Martel &#8211; Mon roman d&rsquo;amour (000)<br>Ren\u00e9e Martel &#8211; Nos jeux d&rsquo;enfants (12)<br>Ren\u00e9e Martel &#8211; Nous on aime la musique country (2)<br>Ren\u00e9e Martel &#8211; Personne ne le sait (B-V) (2)<br>Ren\u00e9e Martel &#8211; Premiers moments d&rsquo;amour (2)*<br>Ren\u00e9e Martel &#8211; Prends ma main dans ta main (000)<br>Ren\u00e9e Martel &#8211; Prisonni\u00e8re de ton coeur (2)<br>Ren\u00e9e Martel &#8211; Quand un bateau passe (000)<br>Ren\u00e9e Martel &#8211; Quelqu&rsquo;un quelque part \u00e0 besoin de toi (2)<br>Ren\u00e9e Martel &#8211; Qui je suis (000)<br>Ren\u00e9e Martel &#8211; Si on pouvait recommencer (2)<br>Ren\u00e9e Martel &#8211; Simple passager (2)<br>Ren\u00e9e Martel &#8211; Ta femme \u00e0 toi (000)<br>Ren\u00e9e Martel &#8211; Ta femme \u00e0 toi (B-V) (2)<br>Ren\u00e9e Martel &#8211; Ton cheval Blanc (000)<br>Ren\u00e9e Martel &#8211; Tu es revenu (16)<br>Ren\u00e9e Martel &#8211; Tu es revenu (B-V) (16)<br>Ren\u00e9e Martel &#8211; Tu n&rsquo;es plus l\u00e0 (blue bayou) (2)<br>Ren\u00e9e Martel &#8211; Un coin du ciel (000)<br>Ren\u00e9e Martel &#8211; Valse au clair de lune (000)<br>Ren\u00e9e Martel &#8211; Viens changer ma vie (16)<br>Ren\u00e9e Martel &amp; Johnny Farago &#8211; Hey hey Paula (anglais) (000)<br>Ren\u00e9e Martel &amp; Johnny Farago &#8211; Hey hey Paula (francais) (12)<br>Ren\u00e9e Martel &amp; Michel Pagliaro &#8211; Les vacances (000)<br>Ren\u00e9e Martel &amp; Mich\u00e8le Richard &#8211; Quand va t&rsquo;on m&rsquo;aimer (000)<br>Ren\u00e9e Martel &amp; Patrick Normand &#8211; S&rsquo;aimer pour la vie (000)<br>Ren\u00e9e Martel &amp; Ren\u00e9 Simard &#8211; Sur la route de babylone (2)<br>Ren\u00e9e Martel &amp; Ren\u00e9 Simard &#8211; Sur la route de babylone (B-V) (3)<br>Rh\u00e9al Leblanc &#8211; \u00c0 la campe \u00e0 willie (2-)<br>Rh\u00e9al Leblanc &#8211; Amour sinc\u00e8re (2)<br>Rh\u00e9al Leblanc &#8211; Au pied du quai (16)<br>Rh\u00e9al Leblanc &#8211; Au pied du quai (B-V) (2)<br>Rh\u00e9al Leblanc &#8211; C&rsquo;est \u00e7a le country (2-)<br>Rh\u00e9al Leblanc &#8211; C&rsquo;est samedi soir assis au bar (2)*<br>Rheal Leblanc &#8211; C&rsquo;est un mensonge (2)<br>Rh\u00e9al Leblanc &#8211; De temps en temps (B-V) (2)<br>Rh\u00e9al Leblanc &#8211; J&rsquo;ai donc essayer (B-V) (2)<br>Rh\u00e9al Leblanc &#8211; J&rsquo;avais autrefois une amie (2)<br>Rh\u00e9al Leblanc &#8211; Je cesserai de t&rsquo;aimer (2)<br>Rh\u00e9al Leblanc &#8211; Je pleure (2)<br>Rh\u00e9al Leblanc &#8211; Je reviendrai en acadie (2)<br>Rh\u00e9al Leblanc &#8211; La vie n&rsquo;est pas finie (2-)<br>Rh\u00e9al Leblanc &#8211; La vieille maison (2)*<br>Rh\u00e9al Leblanc &#8211; Le paradis des musiciens (2)<br>Rh\u00e9al Leblanc &#8211; Le party est commenc\u00e9 (2)<br>Rh\u00e9al Leblanc &#8211; Les lumi\u00e8res sur la maison (2)*<br>Rh\u00e9al Leblanc &#8211; Nos parents (B-V) (2)<br>Rh\u00e9al Leblanc &#8211; On va s&rsquo;amuser (B-V) (2)<br>Rh\u00e9al Leblanc &#8211; Partir pour toujours (2)<br>Rh\u00e9al Leblanc &#8211; Pourquoi me faire si mal (2)<br>Rh\u00e9al Leblanc &#8211; Quelle sera (2)<br>Rh\u00e9al Leblanc &#8211; Somebody new (2)<br>Rheal Leblanc &#8211; Tavarne \u00e0 Joe (2)<br>Rh\u00e9al Leblanc &#8211; Terrible accident (2)<br>Rh\u00e9al Leblanc &#8211; Th\u00e9r\u00e8se (2)<br>Rh\u00e9al Leblanc &#8211; Tu es ma fille (2)<br>Rh\u00e9al Leblanc &#8211; Un gros mangeux (2-)<br>Rh\u00e9al Leblanc &#8211; Une bonne bouteille de vin (2)<br>Rh\u00e9al Leblanc &#8211; Vivre pour aujourd&rsquo;hui (2)<br>Richard Anthony &#8211; Chaque seconde, chaque minute (2)<br>Richard Anthony &#8211; Da dou ron ron (12)<br>Richard Anthony &#8211; J&rsquo;entends siffler le train (2-)<br>Richard Cusson &#8211; Avec qui (20)<br>Richard Cusson &#8211; Boppin&rsquo; with the blues (20)<br>Richard Cusson &#8211; C&rsquo;est la vie (anglais) (20)<br>Richard Cusson &#8211; Dans tes yeux amoureux (12)<br>Richard Cusson &#8211; Elle s&rsquo;en va (vers cha-cha) (20)<br>Richard Cusson &#8211; Je pense encore \u00e0 toi (12)<br>Richard Cusson &#8211; Pardonne-moi (20)<br>Richard Cusson &#8211; Promets-moi (20)<br>Richard Cusson &#8211; Quand on est en amour-(remix) (12)<br>Richard Cusson &#8211; T&rsquo;envoler-(remix) (20)<br>Richard Cusson &#8211; Viens m&#8217;embrasser (12)<br>Richard Desjardins &#8211; Au pays des calottes (2)<br>Richard Desjardins &#8211; Caroline (B-V) (2)<br>Richard Desjardins &#8211; Tu m&rsquo;aimes-tu (2)<br>Richard Huet &#8211; Aujourd&rsquo;hui je recommence \u00e0 t&rsquo;aimer (2)<br>Richard Huet &#8211; California blue (2-)<br>Richard Huet &#8211; Combien de fois je t&rsquo;ai bless\u00e9 (3)<br>Richard Huet &#8211; Je crois en l&rsquo;amour (2)<br>Richard Huet &#8211; Je veux mourir aupr\u00e8s de toi (12)<br>Richard Huet &#8211; La baie james (2)<br>Richard Huet &#8211; Mon amour reviens (000)<br>Richard Huet &#8211; Si tu veux que je sois heureux (000)<br>Richard Huet &#8211; Ta chanson (12)<br>Richard Huet &#8211; Tu t&rsquo;en vas ce soir (12)<br>Richard Huet &amp; Monique Rousseau &#8211; Un amour comme le n\u00f4tre (000)<br>Richard Langelier &#8211; Oh quelle vie (12)<br>Richard Langelier &#8211; Unis pour la vie (20)<br>Ricky Chouinard &#8211; La chasse aux talons hauts (2-)<br>Ritchie Valens &#8211; Donna (francais) (2-)*<br>Robert Charlebois &#8211; Madame bertrand (12)<br>Robert Cogoi &#8211; Danse avec moi (2-)<br>Robert Cogoi &#8211; El bandido (000)<br>Robert Cogoi &#8211; Je m&rsquo;sens tr\u00e8s seul, tr\u00e8s seul sans toi (2-)<br>Robert Cogoi &#8211; Je t&rsquo;aime plus fort (2-)<br>Robert Cogoi &#8211; L&rsquo;\u00e9glise (2)<br>Robert Cogoi &#8211; Le navigateur solitaire (000)<br>Robert Cogoi &#8211; Pas de place pour me garer (2-)<br>Robert Cogoi &#8211; Ta place est toujours l\u00e0 (12)<br>Robert Cogoi &#8211; Tu mens mon amour (2)<br>Robert Demontigny &#8211; Chantez-moi cette chanson (2)*<br>Robert Demontigny &#8211; Eso beso (000)<br>Robert Demontigny &#8211; Je suis un mari fid\u00e8le (000)<br>Robert Demontigny &#8211; Pepito (francais) (12)<br>Robert Demontigny &#8211; Rien n&rsquo;est impossible (12)<br>Robert Demontigny &#8211; Si tu m&rsquo;attends \u00e9videmment (000)<br>Robert Demontigny &#8211; Un baiser de toi (2)<br>Robert Demontigny &#8211; Un baiser de toi (Bridge en triple swing) (000)<br>Robert Demontigny &amp; Claire Lepage &#8211; La fille que j&rsquo;aimais (000)<br>Robert Lebel &#8211; Chanter la vie (2)<br>Robert Lebel &#8211; Comme on fait son jardin (16)<br>Robert Leroux &#8211; Une chaise vide (2)<br>Robert Paquette &#8211; Bleu &amp; blanc (12)<br>Robert Paquette &#8211; Ti blanc (2)<br>Robert Sawyer &#8211; Chaque minute chaque seconde (12)<br>Robert Sawyer &#8211; Le bouquet d&rsquo;or (12)<br>Roch Voisine &#8211; Always on my mind (2)<br>Roch Voisine &#8211; Comme j&rsquo;ai toujours envie d&rsquo;aimer (20)*<br>Roch Voisine &#8211; Crazy (anglais) (2)<br>Roch Voisine &#8211; Danser sous la lune (2)<br>Roch Voisine &#8211; Darlin&rsquo; (2)<br>Roch Voisine &#8211; Dites-moi (4)<br>Roch Voisine &#8211; Encore(20)<br>Roch Voisine &#8211; Fille de pluie (4)<br>Roch Voisine &#8211; H\u00e9l\u00e8ne (2)<br>Roch Voisine &#8211; I&rsquo;ll always be there &amp; je te serai fid\u00e8le (4.33) (2)<br>Roch Voisine &#8211; J&rsquo;entend frapper (000)<br>Roch Voisine &#8211; Jean johnny jean (20)*<br>Roch Voisine &#8211; La-bas dans l&rsquo;ombre (12)<br>Roch Voisine &#8211; Ma blonde (2)<br>Roch Voisine &#8211; My lady mio segreto (16)<br>Roch Voisine &#8211; My lady mio segreto (vers 1995) (B-V) (2)<br>Roch Voisine &#8211; Ne viens pas (16)<br>Roch Voisine &#8211; Ouvre les yeux (2)<br>Roch Voisine &#8211; Sundown &amp; l&rsquo;amour c&rsquo;est comme l&rsquo;\u00e9t\u00e9-(remix) (blilingue) (2)<br>Roch Voisine &#8211; There&rsquo;s no easy way (4)<br>Roch Voisine &amp; V\u00e9ronique Dicaire &#8211; D\u00e9livre-moi (16)<br>Rock &amp; Belles Oreilles &#8211; Le feu sauvage de l&rsquo;amour (2)<br>Rocky Lapens\u00e9e &#8211; La vie dans les bars (2)<br>Roger Miron &#8211; A qui l&rsquo;p&rsquo;tit coeur apr\u00e8s 9 hrs (2-)<br>Roger Miron &#8211; A qui l&rsquo;p&rsquo;tit coeur apr\u00e8s 9 hrs-(remix) (12)<br>Roger Miron &#8211; Comme tu es belle (2)<br>Roger Miron &#8211; Il doit partir (20)<br>Roger Whittaker &#8211; Hello bonjour, happy day (12)<br>Roger Whittaker &#8211; La ballade de l&rsquo;amour (12)<br>Roger Whittaker &#8211; L\u00e2che pas la patate (20)<br>Roger Whittaker &#8211; Mammy blue (francais) (20)<br>Roger Whittaker &#8211; Mon pays bleu (16)<br>Roger Whittaker &#8211; Un \u00e9l\u00e9phant sur mon balcon (12)<br>Roger Whittaker &#8211; Une rose pour isabelle (12)<br>Roland (soldat) Lebrun- Le vingt cents de valcartier (2)<br>Roland Lalonde &#8211; L&rsquo;enfant que j&rsquo;ai perdu (20)<br>Rolando &#8211; Cette guerre l\u00e0 (000)<br>Rolando &#8211; Chu ben tann\u00e9 de faire des bars (12)<br>Rolando &#8211; Dans mon camion (12)<br>Rolando &#8211; L&rsquo;\u00e9tranger (2-)<br>Rolando &#8211; La vol\u00e9e (12)<br>Rolando &#8211; Last call (2)<br>Rolando &#8211; Le dernier convoie (12)<br>Rolando &#8211; Non (16)<br>Rolando &#8211; Partir pour oublier (2)<br>Ronald (cowboy des \u00eeles) Poirier &#8211; Je suis ton b\u00e9b\u00e9 (2-)<br>Ronald (cowboy des \u00eeles) Poirier &#8211; Je t&rsquo;aime cindy (12)<br>Ronald (cowboy des \u00eeles) Poirier &#8211; Je t&rsquo;aime tant (2-)<br>Ronald (cowboy des \u00eeles) Poirier &#8211; L&rsquo;histoire des daltons (3)<br>Ronald (cowboy des \u00eeles) Poirier &#8211; L&rsquo;histoire des daltons (galop) (2)<br>Ronald (cowboy des \u00eeles) Poirier &#8211; Le chauffard (2)<br>Ronald (cowboy des \u00eeles) Poirier &#8211; Les musiciens des \u00eeles (2-)<br>Ronald (cowboy des \u00eeles) Poirier &#8211; M\u00eame si c&rsquo;est fini (2-)<br>Ronald (cowboy des \u00eeles) Poirier &#8211; Mon vieux char (2-)<br>Ronald (cowboy des \u00eeles) Poirier &#8211; P\u00eacher aux \u00eeles de la madeleine (12)<br>Ronald (cowboy des \u00eeles) Poirier &#8211; Seul sans toi (000)<br>Ronald Beauchamp &#8211; Bleus sont ses yeux (12)<br>Ronald Beauchamp &#8211; Carnaval (12)<br>Ronald Beauchamp &#8211; Ces beaux jours (2-)<br>Ronald Beauchamp &#8211; \u00c9coute ma voix (12)<br>Ronald Beauchamp &#8211; La p&rsquo;tite rivi\u00e8re (2-)<br>Ronald Beauchamp &#8211; La vie d&rsquo;une m\u00e8re (2)<br>Ronald Beauchamp &#8211; Le m\u00e9tier du fermier (12)<br>Ronald Beauchamp &#8211; Le paradis du vtt (2)<br>Ronald Beauchamp &#8211; Les bucherons (2)<br>Ronald Beauchamp &#8211; Les grands-parents (12)<br>Ronald beauchamp &#8211; Pardonne-moi (2)<br>Ronald Beauchamp &#8211; Une grosse \u00e9rable (12)<\/strong><\/p>\n","protected":false},"excerpt":{"rendered":"<p>Quimorucru &#8211; J&rsquo;ai \u00e9t\u00e9 au bal (2)*Quimorucru &#8211; Jusqu&rsquo;\u00e0 demain (2)Quimorucru &#8211; Party gasp\u00e9sien (4)*Raffy &#8211; Folle de toi (B-V) (2)Raffy &#8211; Il n&rsquo;y a que toi (2)Raffy &#8211; On \u00e9crit sur les murs (2)Raoul Duguay &#8211; Le chanteur de pomme (16)Ray Fontaine &#8211; Je pensais toujours a toi (always&#8230; <a class=\"continue-reading-link\" href=\"https:\/\/festivalkaraoke.ca\/index.php\/francais-french-q-r\/\"> Continue reading <span class=\"meta-nav\">&rarr; <\/span><\/a><\/p>\n","protected":false},"author":1,"featured_media":0,"parent":0,"menu_order":0,"comment_status":"closed","ping_status":"closed","template":"","meta":{"footnotes":""},"class_list":["post-1039","page","type-page","status-publish","hentry"],"_links":{"self":[{"href":"https:\/\/festivalkaraoke.ca\/index.php\/wp-json\/wp\/v2\/pages\/1039","targetHints":{"allow":["GET"]}}],"collection":[{"href":"https:\/\/festivalkaraoke.ca\/index.php\/wp-json\/wp\/v2\/pages"}],"about":[{"href":"https:\/\/festivalkaraoke.ca\/index.php\/wp-json\/wp\/v2\/types\/page"}],"author":[{"embeddable":true,"href":"https:\/\/festivalkaraoke.ca\/index.php\/wp-json\/wp\/v2\/users\/1"}],"replies":[{"embeddable":true,"href":"https:\/\/festivalkaraoke.ca\/index.php\/wp-json\/wp\/v2\/comments?post=1039"}],"version-history":[{"count":11,"href":"https:\/\/festivalkaraoke.ca\/index.php\/wp-json\/wp\/v2\/pages\/1039\/revisions"}],"predecessor-version":[{"id":2427,"href":"https:\/\/festivalkaraoke.ca\/index.php\/wp-json\/wp\/v2\/pages\/1039\/revisions\/2427"}],"wp:attachment":[{"href":"https:\/\/festivalkaraoke.ca\/index.php\/wp-json\/wp\/v2\/media?parent=1039"}],"curies":[{"name":"wp","href":"https:\/\/api.w.org\/{rel}","templated":true}]}}